- p. Calculate j(0).
-4
Let o(w) = -w**3 + w - w**2 + 2 + w + 3*w. Let k(p) = 4*p**3 - 2*p**2 - 5*p - 2. Let x be k(-1). Calculate o(x).
5
Let d = -100 + -1. Let r = 103 + d. Let a(o) be the first derivative of -o**4/4 + 2*o**3/3 - o**2/2 - 2*o + 2. Calculate a(r).
-4
Let c be -2 - (2/(-4) + (-7)/14). Let j(z) = -1. Let h(y) = -10*y**2 - y - 5. Let m(x) = h(x) - 4*j(x). Give m(c).
-10
Let h(k) be the second derivative of -k**6/120 - k**5/120 + 7*k**4/12 + 24*k. Let z(c) be the third derivative of h(c). Calculate z(-2).
11
Let l(y) = -y**3 - y**3 - 5*y**2 + 4 - 7*y - 12 + 3*y**3. Suppose -4*j = -j. Suppose 5*d - 30 = -j. Determine l(d).
-14
Let a(p) = p + 8. Suppose -2*y + g - 3 = 0, 2*y - 7*y = 5*g - 15. Determine a(y).
8
Suppose -5*t + 0 = -15. Let x(u) = -5*u**3 + 2*u**2 - t*u**2 - 61 + 62. Calculate x(1).
-5
Let t = -74 + 82. Let y = t - 4. Let n(o) = o**2 - 6*o. Determine n(y).
-8
Let k = -1 - -6. Suppose -40 = -k*n - 0. Let b(r) = 0*r**3 + 3 - n*r**2 + r**3 - 3*r + 4*r**2. Calculate b(4).
-9
Suppose -893 + 920 = -9*i. Let u(d) = -d**3 - 4*d**2 - 2*d - 3. Determine u(i).
-6
Let w(n) = -5*n**3 + 12*n**2 - 6*n - 8. Let p(o) = -2*o**3 + 2*o**2. Let t(u) = -2*p(u) + w(u). Determine t(6).
28
Let f(k) = 21*k + 7 + 17*k + 0 + 1 - 37*k. What is f(-2)?
6
Let t(f) = -f. Let m(l) = -6*l + 7. Let i(v) = m(v) - 5*t(v). Give i(7).
0
Let f(q) be the first derivative of -q**3/3 - q**2 - q + 16. What is f(-3)?
-4
Suppose -t + 4 - 7 = 0, 3*g + 5*t = -45. Let w be (-14)/35 + (-34)/g. Suppose 4*y - 6 = a, -2*y + 5*y = 2*a - w. Let b(k) = -k**2 + 7*k - 9. Give b(a).
-3
Let o(z) = 3*z - z**2 + 3 + 0*z - 4 - 4*z. Determine o(-4).
-13
Let u(b) = 18*b - 227. Let i be u(13). Let s(q) = q**3 - 7*q**2 + 2*q - 5. Determine s(i).
9
Let t(o) = -o**3 - o**2 + o - 3. Let v be (1 + 30)*(3 - 4). Let w = -31 - v. Determine t(w).
-3
Let b(q) be the first derivative of q**2/2 - q + 4. Let y(z) = -31*z - 337. Let a be y(-11). What is b(a)?
3
Let x(a) = a**3 + a + 1. Let l(g) = -g**3 + g**2 + g - 2. Let n(s) = -l(s) - 2*x(s). Let p = -10625 - -10622. Give n(p).
27
Let i = 49 - 50. Let g(v) = 17*v + 1. Calculate g(i).
-16
Let x be 2 - 1 - (6 - 0). Let l(n) = -2*n**2 + n + 9. Let r be (-22)/5 + 24/60. Let z(s) = -s**2 + 4. Let f(u) = r*l(u) + 9*z(u). Give f(x).
-5
Let k be (-9)/(-4) + 1/(-4). Let b(f) be the first derivative of -4*f**3/3 + 3*f**2/2 + 780. Give b(k).
-10
Let n(g) = 11*g**2 - 3 + 10*g + 2*g - 4*g - g**3 + 3*g - 21*g. What is n(10)?
-3
Let c(r) be the third derivative of 11*r**2 + 0*r + 1/4*r**4 + 1/3*r**3 + 0. Suppose 0 = n - 6*n - 15. Calculate c(n).
-16
Let v(t) be the first derivative of 3/2*t**2 - 29 + 3*t. Give v(-7).
-18
Suppose 0*k - 26 = -5*k + a, -a = 5*k - 34. Suppose -5*o + k = -3*o. Let d(l) = 2*l - 3. Give d(o).
3
Suppose -25*q = -16*q + 36. Let c(s) = -s**2 - 3*s - 4. Calculate c(q).
-8
Let s(z) = -3*z + 2*z - 95*z**3 + 94*z**3 + 5 - z**2 + 2*z**2. Let l(c) = 6*c. Let o be l(1). Suppose o*t = 4*t. What is s(t)?
5
Let y(t) = 7*t + 9. Let r be y(-4). Let h = r - -13. Let n = h + 4. Let k(z) = -z**2 - 4*z - 3. Determine k(n).
1
Let i(q) = -q - 2*q**3 - 2*q**2 + 2 + 0*q**3 + 2*q + 3*q**3. Let v be i(0). Let y(z) = -2 - z + 4*z + z**v + 2*z - 1. What is y(-6)?
3
Let g(q) = -1 - 259*q**2 + 9 + 10*q + 260*q**2. What is g(-6)?
-16
Let y be 30/(-3)*2/(-4). Suppose -2*r - 15 = -y*r. Let w(s) = 4*s - 5 + 18 - r*s + 0*s. Determine w(0).
13
Let b be ((-21)/6)/7*-4. Let a(f) = 28 + 27 + 6*f**b - 53 - 5*f - f**3. Calculate a(5).
2
Suppose 5*i + 0*i - 25 = 0. Let n(y) = -y**3 - y**2 + y. Let u(q) = -6*q**3 - 5*q**2 + 4*q + 3. Let h(v) = i*n(v) - u(v). Determine h(0).
-3
Let f(v) = -v + 3. Let r(t) = 2*t - 4. Let w(u) = 2*f(u) + 2*r(u). Give w(3).
4
Let k(j) be the first derivative of -j**2/2 + 4*j - 77. Calculate k(-5).
9
Let t = 25 - 25. Suppose 4*k + 3*z - 16 = 0, -k + 5*z + 4 = -t*z. Let h(w) = w**3 - 4*w**2 - 4*w + 4. Give h(k).
-12
Suppose c = -4*o + 1 + 6, 3*o - 2*c - 19 = 0. Let a(q) = -q**o - 4 + 5 - 3 + q**2 + 1 + 4*q. Determine a(3).
-7
Let k = 280 + -275. Let y(b) = b**3 - 6*b**2 + 3*b + 9. Calculate y(k).
-1
Let a be (-3)/6*3*4/6. Let v(h) be the third derivative of 2*h**2 + 0*h + 0*h**3 + 0 + 0*h**4 + 1/60*h**5 - 1/24*h**6. Determine v(a).
6
Let k(h) = -h**3 - h**2 - 3*h - 2. Suppose n + 6 = 8. Let t be (-6)/3*n/2. Determine k(t).
8
Let d(j) = 53*j**2 - 1 + 12*j - j**3 - 64*j**2 - 6. Determine d(-12).
-7
Let b(y) = -5*y + 1. Let d be (1 + -1)/4 - -15. Suppose 0 = d*o - 11*o - 4. Calculate b(o).
-4
Let z(n) = -3*n**2 + n + 3. Suppose -23 = g + 5*x, 0 = -5*g - 4*x - 9 - 1. Give z(g).
-7
Let n be 0 - (-1 - 6)/((-2)/2). Let v(q) = q**2 + 9*q + 12. Determine v(n).
-2
Let u(p) = p**2 - 5*p - 3. Suppose -9 = -c - 3*a, 3*a = 2*c - 0*a - 63. Suppose 0 = -9*i + 4*i - 60. Let b be 3*(-4)/c*i. Give u(b).
3
Let i(j) be the third derivative of j**6/120 + j**5/12 - j**4/24 - j**3/6 - 10*j**2 + 4*j. Calculate i(-5).
4
Let s(v) = -v - 11. Suppose -143 = -3*r - f - 0*f, 5*f = 25. Let n = -55 + r. Calculate s(n).
-2
Let c(s) = 11*s**2 + 6*s**2 - 6 - 9*s**2 + 2*s - 12*s + 0*s + s**3. Determine c(-9).
3
Let o = 22 - 18. Let q(r) = -7*r**2 - 1 + r + r**2 + 5*r + 4*r**2. Determine q(o).
-9
Let w(p) = -p**3 - 6*p**2 + 7*p - 8. Suppose 24*v = -0*v + 384. Suppose 5*b - v = -51. Determine w(b).
-8
Suppose -4 = -9*b + 13*b + 3*c, -4*c = 4*b. Let n(o) = -o**2 - 7*o - 6. Calculate n(b).
6
Let t(r) = -6*r + 1. Let y be 3 + -5 + (-20)/(-5). Let g be y/(-11) + (-399)/(-77). Suppose 0 = 5*c - 0*c - g. Determine t(c).
-5
Let n(s) = -s + 19. Suppose -5*d + 5 = -2*w + 19, -6 = w + 4*d. Suppose -2*l + 0*y + 2*y = 0, 0 = 3*l + w*y. Calculate n(l).
19
Let i(d) = d**3 + 3*d**2 - 4*d + 3. Suppose 10 = -y + 2*x + 14, -5*x = 5*y + 40. Calculate i(y).
3
Let m(r) = 5*r + 20. Let q(f) = -f**3 - 19*f**2 - 14*f + 66. Let n be q(-18). Give m(n).
-10
Let l(p) = p**2 - 5*p - 6. Let v be l(4). Let i be v*2*4/(-16). Let k(z) = -z**2 + 6*z - 4. What is k(i)?
1
Let x(n) = -1 + 0 + 69*n - 37*n - 33*n - 12. Determine x(7).
-20
Let y = 53 + -51. Let g(u) = 6 + y*u + 3 - 4 - 3. Give g(4).
10
Let p(n) = -2*n**3 + n**2 + 4*n - 3. Let a(k) be the first derivative of k**2 + 12*k + 5. Let m be a(-6). Suppose m*q = q - 2. Determine p(q).
-7
Let x(d) = d + 6. Let m be x(-3). Suppose -5*k - 5 = 4*w - 2, k - m = -2*w. Let y(s) = s + 1. Determine y(k).
-2
Let c(h) = h**2 - 1. Let a(q) = -5*q**2 + q + 5. Let k be ((-33)/(-6))/(3/(-6)). Let s(y) = k*c(y) - 2*a(y). Calculate s(2).
-7
Let v(t) = 50*t - 93*t + t**3 - 4 + 8*t**2 + 41*t. Determine v(-8).
12
Let b(c) = 3*c**2 + 2. Let o(j) = -3*j**2 + j - 2. Let d(x) = -4*b(x) - 3*o(x). Suppose -3*z + 10 = -14. Suppose 3*f + z = 2. What is d(f)?
-8
Let i(o) be the first derivative of -o**6/360 - o**5/20 - o**4/24 + 3*o**3 + 46. Let f(k) be the third derivative of i(k). Determine f(-5).
4
Let g(k) = -12*k**2 - 7*k + 4. Let i(t) = 24*t**2 + 13*t - 9. Let m(u) = 11*g(u) + 6*i(u). Let l(x) be the first derivative of m(x). Calculate l(1).
25
Let s(i) = 1666*i + 3 - 1665*i + 0. Give s(9).
12
Let v = -27 - -34. Let a(j) = v*j**3 + 2 - 5*j**2 + 7*j - 4*j**3 - 4*j**3. Let y(k) = -7*k**2 + 2*k - 1. Let q be y(1). Determine a(q).
-4
Suppose 3*h = 5*h - 6. Suppose i = 3*u + 10, 0*u - h*u = 2*i + 16. Let v(n) = n**2 + 6*n + 4. What is v(u)?
-4
Let p(m) be the first derivative of m**6/360 + 11*m**5/120 + 11*m**4/24 - 28*m**3/3 - 43. Let d(z) be the third derivative of p(z). Calculate d(-8).
-13
Let d(z) = -z**2 + 10*z - 13. Suppose 3*p - 20 = w, 0 = 2*p - w - 8 - 4. Determine d(p).
3
Let s(p) = -p**3 - p**2 - 7. Suppose 0 = -2*n - 2*l - 98, 78 = -2*n - 3*l + 6*l. Let j = -45 - n. Calculate s(j).
-7
Let f(n) = -5*n + n**2 + 1 + 0*n**2 + 2*n - 2. Suppose s + s = 40. Suppose -5*y + s = -y. Determine f(y).
9
Let l(s) = -s - 12. Suppose -4*k = -4*f + 12, -5 = 4*k - 5*f + 3. Give l(k).
-5
Let s(d) be the first derivative of d**6/360 - d**5/12 + 3*d**4/8 - 4*d**3 - 11. Let a(c) be the third derivative of s(c). Determine a(8).
-7
Let t(h) = h**3 - 2*h**2 - 4*h + 4. Let u = 207 + -204. Determine t(u).
1
Suppose i = 6*i + 4*r - 45, 2*r - 10 = 0. Let b(o) = 2 - o**2 + 0 + i*o - 5. Let h be (6/(-18))/((-17)/(-9) - (-14)/(-7)). Give b(h).
3
Let d = -3 - 1. Let h(t) = 4*t - 3. Let k(j) = -16 - 16 - 3*j +